{"id":1023,"date":"2020-11-16T20:04:57","date_gmt":"2020-11-16T19:04:57","guid":{"rendered":"http:\/\/s847176777.online.de\/?page_id=1023"},"modified":"2020-11-24T13:18:53","modified_gmt":"2020-11-24T12:18:53","slug":"impressum","status":"publish","type":"page","link":"https:\/\/modorle.de\/?page_id=1023","title":{"rendered":"Impressum"},"content":{"rendered":"\t\t<div data-elementor-type=\"wp-page\" data-elementor-id=\"1023\" class=\"elementor elementor-1023\">\n\t\t\t\t\t\t<section class=\"elementor-section elementor-top-section elementor-element elementor-element-0b3be8f elementor-section-boxed elementor-section-height-default elementor-section-height-default\" data-id=\"0b3be8f\" data-element_type=\"section\" data-e-type=\"section\">\n\t\t\t\t\t\t<div class=\"elementor-container elementor-column-gap-default\">\n\t\t\t\t\t<div class=\"elementor-column elementor-col-100 elementor-top-column elementor-element elementor-element-b1036d2\" data-id=\"b1036d2\" data-element_type=\"column\" data-e-type=\"column\">\n\t\t\t<div class=\"elementor-widget-wrap elementor-element-populated\">\n\t\t\t\t\t\t<div class=\"elementor-element elementor-element-b425f5e elementor-widget elementor-widget-wp-widget-text\" data-id=\"b425f5e\" data-element_type=\"widget\" data-e-type=\"widget\" data-widget_type=\"wp-widget-text.default\">\n\t\t\t\t<div class=\"elementor-widget-container\">\n\t\t\t\t\t\t\t\t<div class=\"textwidget\"><p><strong>Doris Sch\u00e4fer &amp; Walter Ebner,\u00a0<\/strong>modorle GbR, handgefertigte Ledertaschen<br \/>\nDr.-von-Schmitt-Str. 4<br \/>\n<strong>96050 Bamberg<\/strong><br \/>\nTel. 0951\/18 51 22 16 mobil 0171\/44 80 220<br \/>\nemail: info@modorle.de<\/p>\n<ul>\n<li>Umsatzsteuerbefreit gem\u00e4\u00df \u00a7\u00a0<b>19 UStG<\/b><\/li>\n<li>Handwerkskammer f\u00fcr Oberfranken, Betriebsnummer : 3030156<\/li>\n<li>IHK f\u00fcr Oberfranken-Bayreuth, ID-Nr.: 551443<\/li>\n<\/ul>\n<p>&nbsp;<\/p>\n<p><b>Haftungshinweis:<\/b><br \/>\nTrotz sorgf\u00e4ltiger inhaltlicher Kontrolle \u00fcbernehmen wir keine Haftung f\u00fcr die Inhalte externer Links. F\u00fcr den Inhalt verlinkter Seiten sind ausschlie\u00dflich deren Betreiber verantwortlich.<\/p>\n<p><strong>Informationen zur Online-Streitbeilegung<\/strong><\/p>\n<p>Die EU-Kommission stellt im Internet unter folgendem Link eine Plattform zur Online-Streitbeilegung bereit:\u00a0<a href=\"https:\/\/ec.europa.eu\/odr\" target=\"_blank\" rel=\"noopener\">https:\/\/ec.europa.eu\/odr<\/a><br \/>\nDiese Plattform dient als Anlaufstelle zur au\u00dfergerichtlichen Beilegung von Streitigkeiten aus Online-Kauf- oder Dienstleistungsvertr\u00e4gen, an denen ein Verbraucher beteiligt ist.<br \/>\nWir sind zur Teilnahme an einem Streitbeilegungsverfahren vor einer Verbraucherschlichtungsstelle weder verpflichtet noch bereit.<\/p>\n<\/div>\n\t\t\t\t\t\t<\/div>\n\t\t\t\t<\/div>\n\t\t\t\t\t<\/div>\n\t\t<\/div>\n\t\t\t\t\t<\/div>\n\t\t<\/section>\n\t\t\t\t<\/div>\n\t\t","protected":false},"excerpt":{"rendered":"","protected":false},"author":1,"featured_media":0,"parent":0,"menu_order":0,"comment_status":"closed","ping_status":"closed","template":"","meta":{"slim_seo":{"title":"Impressum","description":""},"footnotes":""},"class_list":["post-1023","page","type-page","status-publish","hentry"],"_links":{"self":[{"href":"https:\/\/modorle.de\/index.php?rest_route=\/wp\/v2\/pages\/1023","targetHints":{"allow":["GET"]}}],"collection":[{"href":"https:\/\/modorle.de\/index.php?rest_route=\/wp\/v2\/pages"}],"about":[{"href":"https:\/\/modorle.de\/index.php?rest_route=\/wp\/v2\/types\/page"}],"author":[{"embeddable":true,"href":"https:\/\/modorle.de\/index.php?rest_route=\/wp\/v2\/users\/1"}],"replies":[{"embeddable":true,"href":"https:\/\/modorle.de\/index.php?rest_route=%2Fwp%2Fv2%2Fcomments&post=1023"}],"version-history":[{"count":17,"href":"https:\/\/modorle.de\/index.php?rest_route=\/wp\/v2\/pages\/1023\/revisions"}],"predecessor-version":[{"id":1326,"href":"https:\/\/modorle.de\/index.php?rest_route=\/wp\/v2\/pages\/1023\/revisions\/1326"}],"wp:attachment":[{"href":"https:\/\/modorle.de\/index.php?rest_route=%2Fwp%2Fv2%2Fmedia&parent=1023"}],"curies":[{"name":"wp","href":"https:\/\/api.w.org\/{rel}","templated":true}]}}

<div data-elementor-type="wp-page" data-elementor-id="1023" class="elementor elementor-1023">
						<section class="elementor-section elementor-top-section elementor-element elementor-element-0b3be8f elementor-section-boxed elementor-section-height-default elementor-section-height-default" data-id="0b3be8f" data-element_type="section" data-e-type="section">
						<div class="elementor-container elementor-column-gap-default">
					<div class="elementor-column elementor-col-100 elementor-top-column elementor-element elementor-element-b1036d2" data-id="b1036d2" data-element_type="column" data-e-type="column">
			<div class="elementor-widget-wrap elementor-element-populated">
						<div class="elementor-element elementor-element-b425f5e elementor-widget elementor-widget-wp-widget-text" data-id="b425f5e" data-element_type="widget" data-e-type="widget" data-widget_type="wp-widget-text.default">
				<div class="elementor-widget-container">
								<div class="textwidget"><p><strong>Doris Schäfer &amp; Walter Ebner, </strong>modorle GbR, handgefertigte Ledertaschen<br />
Dr.-von-Schmitt-Str. 4<br />
<strong>96050 Bamberg</strong><br />
Tel. 0951/18 51 22 16 mobil 0171/44 80 220<br />
email: info@modorle.de</p>
<ul>
<li>Umsatzsteuerbefreit gemäß § <b>19 UStG</b></li>
<li>Handwerkskammer für Oberfranken, Betriebsnummer : 3030156</li>
<li>IHK für Oberfranken-Bayreuth, ID-Nr.: 551443</li>
</ul>
<p>&nbsp;</p>
<p><b>Haftungshinweis:</b><br />
Trotz sorgfältiger inhaltlicher Kontrolle übernehmen wir keine Haftung für die Inhalte externer Links. Für den Inhalt verlinkter Seiten sind ausschließlich deren Betreiber verantwortlich.</p>
<p><strong>Informationen zur Online-Streitbeilegung</strong></p>
<p>Die EU-Kommission stellt im Internet unter folgendem Link eine Plattform zur Online-Streitbeilegung bereit: <a href="https://ec.europa.eu/odr" target="_blank" rel="noopener">https://ec.europa.eu/odr</a><br />
Diese Plattform dient als Anlaufstelle zur außergerichtlichen Beilegung von Streitigkeiten aus Online-Kauf- oder Dienstleistungsverträgen, an denen ein Verbraucher beteiligt ist.<br />
Wir sind zur Teilnahme an einem Streitbeilegungsverfahren vor einer Verbraucherschlichtungsstelle weder verpflichtet noch bereit.</p>
</div>
						</div>
				</div>
					</div>
		</div>
					</div>
		</section>
				</div>
