{"id":1201,"date":"2020-11-21T16:00:38","date_gmt":"2020-11-21T15:00:38","guid":{"rendered":"https:\/\/modorle.de\/?page_id=1201"},"modified":"2025-11-03T13:50:28","modified_gmt":"2025-11-03T12:50:28","slug":"start","status":"publish","type":"page","link":"https:\/\/modorle.de\/?page_id=1201","title":{"rendered":"Home"},"content":{"rendered":"\t\t<div data-elementor-type=\"wp-page\" data-elementor-id=\"1201\" class=\"elementor elementor-1201\">\n\t\t\t\t\t\t<section class=\"elementor-section elementor-top-section elementor-element elementor-element-d0f2d4d elementor-section-boxed elementor-section-height-default elementor-section-height-default\" data-id=\"d0f2d4d\" data-element_type=\"section\" data-e-type=\"section\">\n\t\t\t\t\t\t<div class=\"elementor-container elementor-column-gap-default\">\n\t\t\t\t\t<div class=\"elementor-column elementor-col-100 elementor-top-column elementor-element elementor-element-6cb53bc\" data-id=\"6cb53bc\" data-element_type=\"column\" data-e-type=\"column\">\n\t\t\t<div class=\"elementor-widget-wrap elementor-element-populated\">\n\t\t\t\t\t\t<div class=\"elementor-element elementor-element-8ff0c9e elementor-widget elementor-widget-image\" data-id=\"8ff0c9e\" data-element_type=\"widget\" data-e-type=\"widget\" data-widget_type=\"image.default\">\n\t\t\t\t<div class=\"elementor-widget-container\">\n\t\t\t\t\t\t\t\t\t\t\t\t\t\t\t<img fetchpriority=\"high\" decoding=\"async\" width=\"1024\" height=\"640\" src=\"https:\/\/modorle.de\/wp-content\/uploads\/2020\/10\/Bilder-Kalender-AK-2235-1024x640.jpg\" class=\"attachment-large size-large wp-image-25\" alt=\"Visitenkarte Postkartenformat\" srcset=\"https:\/\/modorle.de\/wp-content\/uploads\/2020\/10\/Bilder-Kalender-AK-2235-1024x640.jpg 1024w, https:\/\/modorle.de\/wp-content\/uploads\/2020\/10\/Bilder-Kalender-AK-2235-scaled-300x188.jpg 300w, https:\/\/modorle.de\/wp-content\/uploads\/2020\/10\/Bilder-Kalender-AK-2235-768x480.jpg 768w, https:\/\/modorle.de\/wp-content\/uploads\/2020\/10\/Bilder-Kalender-AK-2235-scaled-600x375.jpg 600w, https:\/\/modorle.de\/wp-content\/uploads\/2020\/10\/Bilder-Kalender-AK-2235-1536x960.jpg 1536w, https:\/\/modorle.de\/wp-content\/uploads\/2020\/10\/Bilder-Kalender-AK-2235-2048x1280.jpg 2048w\" sizes=\"(max-width: 1024px) 100vw, 1024px\" \/>\t\t\t\t\t\t\t\t\t\t\t\t\t\t\t<\/div>\n\t\t\t\t<\/div>\n\t\t\t\t<div class=\"elementor-element elementor-element-aef07ec elementor-widget elementor-widget-text-editor\" data-id=\"aef07ec\" data-element_type=\"widget\" data-e-type=\"widget\" data-widget_type=\"text-editor.default\">\n\t\t\t\t<div class=\"elementor-widget-container\">\n\t\t\t\t\t\t\t\t\t<h1><em><span style=\"color: #ff0000;\">modorle &#8211; Lederwerkstatt<\/span><\/em><\/h1><p><strong>Vom Entwurf bis zum fertigen St\u00fcck \u2013 Seit 17 Jahren fasziniert uns das Naturprodukt Leder.<\/strong><\/p><p><span style=\"color: #000000;\">In unserer Werkstatt im Herzen Bambergs fertigen wir Unikate von Qualit\u00e4t, die verf\u00fchrerisch riechen und das Leben sch\u00f6ner und bunter machen. Bewusst wollen wir nachhaltige Wege beschreiten. Geradlinig und klar im Stil \u00fcberzeugen unsere Taschen in ihrer Langlebigkeit, durch die Qualit\u00e4t des Leders und sorgf\u00e4ltige handwerkliche Verarbeitung hier vor Ort.<\/span><\/p><p><span style=\"color: #000000;\">Sie finden unsere Produkte ausschlie\u00dflich auf<\/span> <span style=\"color: #ff0000;\">Kunsthandwerkerm\u00e4rkten<\/span> <span style=\"color: #000000;\">und in ausgew\u00e4hlten<\/span> <span style=\"color: #ff0000;\">Ausstellungen.<\/span> <span style=\"color: #000000;\">Unter der Rubrik \u201eTermine \u201c ver\u00f6ffentlichen wir Termine und Veranstaltungen, an denen wir teilnehmen.<\/span><\/p><p><span style=\"color: #000000;\">Oder besuchen Sie unsere<\/span> <span style=\"color: #ff0000;\">Werkstatt<\/span> <span style=\"color: #000000;\">und lassen sich in den Bann ziehen vom unverwechselbaren Duft und der weichen und anschmiegsamen Haptik des Leders.<\/span><\/p><p><span style=\"color: #ff0000;\">Wir gestalten gemeinsam nach Ihren Ideen.<\/span><span style=\"color: #000000;\">\u00a0Unsere Entw\u00fcrfe werden zu etwas ganz Eigenem und die Tasche zu Ihrer gern und viel genutzten, langj\u00e4hrigen Begleiterin.<\/span><\/p><p><span style=\"color: #000000;\">F\u00fcr einen Besuch in der Werkstatt vereinbaren Sie bitte <strong>vorher<\/strong> einen Termin.<\/span><\/p>\t\t\t\t\t\t\t\t<\/div>\n\t\t\t\t<\/div>\n\t\t\t\t\t<\/div>\n\t\t<\/div>\n\t\t\t\t\t<\/div>\n\t\t<\/section>\n\t\t\t\t<section class=\"elementor-section elementor-top-section elementor-element elementor-element-b655dd1 elementor-section-boxed elementor-section-height-default elementor-section-height-default\" data-id=\"b655dd1\" data-element_type=\"section\" data-e-type=\"section\">\n\t\t\t\t\t\t<div class=\"elementor-container elementor-column-gap-default\">\n\t\t\t\t\t<div class=\"elementor-column elementor-col-100 elementor-top-column elementor-element elementor-element-1ccc77f\" data-id=\"1ccc77f\" data-element_type=\"column\" data-e-type=\"column\">\n\t\t\t<div class=\"elementor-widget-wrap\">\n\t\t\t\t\t\t\t<\/div>\n\t\t<\/div>\n\t\t\t\t\t<\/div>\n\t\t<\/section>\n\t\t\t\t<\/div>\n\t\t","protected":false},"excerpt":{"rendered":"<p>modorle &#8211; Lederwerkstatt Vom Entwurf bis zum fertigen St\u00fcck \u2013 Seit 17 Jahren fasziniert uns das Naturprodukt Leder. In unserer&hellip;<\/p>\n","protected":false},"author":1,"featured_media":0,"parent":0,"menu_order":0,"comment_status":"closed","ping_status":"closed","template":"template-parts\/template-page-builders.php","meta":{"slim_seo":{"title":"Home","description":"modorle - Lederwerkstatt Vom Entwurf bis zum fertigen St\u00fcck \u2013 Seit 17 Jahren fasziniert uns das Naturprodukt Leder. In unserer Werkstatt im Herzen Bambergs fert"},"footnotes":""},"class_list":["post-1201","page","type-page","status-publish","hentry"],"_links":{"self":[{"href":"https:\/\/modorle.de\/index.php?rest_route=\/wp\/v2\/pages\/1201","targetHints":{"allow":["GET"]}}],"collection":[{"href":"https:\/\/modorle.de\/index.php?rest_route=\/wp\/v2\/pages"}],"about":[{"href":"https:\/\/modorle.de\/index.php?rest_route=\/wp\/v2\/types\/page"}],"author":[{"embeddable":true,"href":"https:\/\/modorle.de\/index.php?rest_route=\/wp\/v2\/users\/1"}],"replies":[{"embeddable":true,"href":"https:\/\/modorle.de\/index.php?rest_route=%2Fwp%2Fv2%2Fcomments&post=1201"}],"version-history":[{"count":51,"href":"https:\/\/modorle.de\/index.php?rest_route=\/wp\/v2\/pages\/1201\/revisions"}],"predecessor-version":[{"id":2162,"href":"https:\/\/modorle.de\/index.php?rest_route=\/wp\/v2\/pages\/1201\/revisions\/2162"}],"wp:attachment":[{"href":"https:\/\/modorle.de\/index.php?rest_route=%2Fwp%2Fv2%2Fmedia&parent=1201"}],"curies":[{"name":"wp","href":"https:\/\/api.w.org\/{rel}","templated":true}]}}

<div data-elementor-type="wp-page" data-elementor-id="1201" class="elementor elementor-1201">
						<section class="elementor-section elementor-top-section elementor-element elementor-element-d0f2d4d elementor-section-boxed elementor-section-height-default elementor-section-height-default" data-id="d0f2d4d" data-element_type="section" data-e-type="section">
						<div class="elementor-container elementor-column-gap-default">
					<div class="elementor-column elementor-col-100 elementor-top-column elementor-element elementor-element-6cb53bc" data-id="6cb53bc" data-element_type="column" data-e-type="column">
			<div class="elementor-widget-wrap elementor-element-populated">
						<div class="elementor-element elementor-element-8ff0c9e elementor-widget elementor-widget-image" data-id="8ff0c9e" data-element_type="widget" data-e-type="widget" data-widget_type="image.default">
				<div class="elementor-widget-container">
															<img fetchpriority="high" decoding="async" width="1024" height="640" src="https://modorle.de/wp-content/uploads/2020/10/Bilder-Kalender-AK-2235-1024x640.jpg" class="attachment-large size-large wp-image-25" alt="Visitenkarte Postkartenformat" srcset="https://modorle.de/wp-content/uploads/2020/10/Bilder-Kalender-AK-2235-1024x640.jpg 1024w, https://modorle.de/wp-content/uploads/2020/10/Bilder-Kalender-AK-2235-scaled-300x188.jpg 300w, https://modorle.de/wp-content/uploads/2020/10/Bilder-Kalender-AK-2235-768x480.jpg 768w, https://modorle.de/wp-content/uploads/2020/10/Bilder-Kalender-AK-2235-scaled-600x375.jpg 600w, https://modorle.de/wp-content/uploads/2020/10/Bilder-Kalender-AK-2235-1536x960.jpg 1536w, https://modorle.de/wp-content/uploads/2020/10/Bilder-Kalender-AK-2235-2048x1280.jpg 2048w" sizes="(max-width: 1024px) 100vw, 1024px" />															</div>
				</div>
				<div class="elementor-element elementor-element-aef07ec elementor-widget elementor-widget-text-editor" data-id="aef07ec" data-element_type="widget" data-e-type="widget" data-widget_type="text-editor.default">
				<div class="elementor-widget-container">
									<h1><em><span style="color: #ff0000;">modorle &#8211; Lederwerkstatt</span></em></h1><p><strong>Vom Entwurf bis zum fertigen Stück – Seit 17 Jahren fasziniert uns das Naturprodukt Leder.</strong></p><p><span style="color: #000000;">In unserer Werkstatt im Herzen Bambergs fertigen wir Unikate von Qualität, die verführerisch riechen und das Leben schöner und bunter machen. Bewusst wollen wir nachhaltige Wege beschreiten. Geradlinig und klar im Stil überzeugen unsere Taschen in ihrer Langlebigkeit, durch die Qualität des Leders und sorgfältige handwerkliche Verarbeitung hier vor Ort.</span></p><p><span style="color: #000000;">Sie finden unsere Produkte ausschließlich auf</span> <span style="color: #ff0000;">Kunsthandwerkermärkten</span> <span style="color: #000000;">und in ausgewählten</span> <span style="color: #ff0000;">Ausstellungen.</span> <span style="color: #000000;">Unter der Rubrik „Termine “ veröffentlichen wir Termine und Veranstaltungen, an denen wir teilnehmen.</span></p><p><span style="color: #000000;">Oder besuchen Sie unsere</span> <span style="color: #ff0000;">Werkstatt</span> <span style="color: #000000;">und lassen sich in den Bann ziehen vom unverwechselbaren Duft und der weichen und anschmiegsamen Haptik des Leders.</span></p><p><span style="color: #ff0000;">Wir gestalten gemeinsam nach Ihren Ideen.</span><span style="color: #000000;"> Unsere Entwürfe werden zu etwas ganz Eigenem und die Tasche zu Ihrer gern und viel genutzten, langjährigen Begleiterin.</span></p><p><span style="color: #000000;">Für einen Besuch in der Werkstatt vereinbaren Sie bitte <strong>vorher</strong> einen Termin.</span></p>								</div>
				</div>
					</div>
		</div>
					</div>
		</section>
				<section class="elementor-section elementor-top-section elementor-element elementor-element-b655dd1 elementor-section-boxed elementor-section-height-default elementor-section-height-default" data-id="b655dd1" data-element_type="section" data-e-type="section">
						<div class="elementor-container elementor-column-gap-default">
					<div class="elementor-column elementor-col-100 elementor-top-column elementor-element elementor-element-1ccc77f" data-id="1ccc77f" data-element_type="column" data-e-type="column">
			<div class="elementor-widget-wrap">
							</div>
		</div>
					</div>
		</section>
				</div>

<p>modorle &#8211; Lederwerkstatt Vom Entwurf bis zum fertigen Stück – Seit 17 Jahren fasziniert uns das Naturprodukt Leder. In unserer&hellip;</p>

modorle - Lederwerkstatt Vom Entwurf bis zum fertigen Stück – Seit 17 Jahren fasziniert uns das Naturprodukt Leder. In unserer Werkstatt im Herzen Bambergs fert
